1). Let x(j) = -2 - 5*j + j + z*j. Determine x(-2).
0
Let u(z) = -z**2 + z + 3. Let s be u(0). Suppose -4*o + 3 = -5. Let j(l) = 0 - 2 - s*l - o. Give j(-3).
5
Let t(v) be the second derivative of v**3/6 + v**2/2 + 2*v. Suppose -2*i + i = 0. Suppose -2*f - 1 - 3 = i. Determine t(f).
-1
Suppose -z - 2 = -3. Let r(y) = -y**3 + y**2 + y - 1. Let u(w) = -w**3 + 4*w**2 - 2*w. Let l(h) = z*u(h) - 2*r(h). Determine l(2).
10
Suppose -r - 2*r = 9. Let j(x) be the second derivative of x**3/2 + x**2/2 - 15*x. Calculate j(r).
-8
Let u(b) = 3*b**2 - b. Suppose -v + 1 - 3 = 0. Let r be 2/10*(-10)/v. Calculate u(r).
2
Let m be 2/1*(-5 - -2). Let z(q) = -q + 6. Determine z(m).
12
Let z(v) = v**3 + 6*v**2 + 6*v + 5. Let x be 0 + (-7 - (-9)/(-3)). Let m be 1/((-3 - -5)/x). Give z(m).
0
Let q(i) be the second derivative of -i**5/20 + i**4/2 + 5*i**3/6 + 3*i**2/2 - 4*i. Determine q(7).
-11
Let q(n) = -n**2 + 6*n + 6. Let m be q(7). Let y(t) = 5*t**2 + t. Calculate y(m).
4
Let r be (-5 - -2)*(1 - 2). Suppose 0 = -0*l + 3*l + r. Let q(g) = 6*g - 1. Determine q(l).
-7
Suppose -5*u - 11 = -3*i - 31, -5*u + 20 = -2*i. Let r(n) = n. Determine r(u).
4
Let w(k) = -2*k + 3. Suppose 4 = 2*s - s. Suppose -y + 4*q = -19, 21 = 3*y - s*q + q. Determine w(y).
-3
Let d(a) = -a**2 - 8. Let j be 8 - (-1 - 0)/(-1). Let r(o) = -2*o**2 - j - o**2 + 7*o**2 - 3*o**2 + 6*o. Let v be r(-7). What is d(v)?
-8
Let f(z) = z**2 + 3*z - 3. Let m(t) = t**2 + 2*t - 4. Let q be m(-4). Suppose 13 = -5*h + 4*c, 7 = -3*h + q*h - 4*c. Calculate f(h).
7
Let r(x) be the first derivative of x**3/3 - 3*x**2/2 - 5*x - 2. Let g(c) = -c**3 - 3*c**2 + 2*c - 3. Let p be g(-4). Determine r(p).
5
Let x(a) = -9*a - 4. Let d(i) = -117*i - 51. Let j(s) = 2*d(s) - 27*x(s). Give j(-4).
-30
Let d = -1 - 1. Let u(o) = -3*o - 3. Let i be u(d). Suppose 0 = -i*h - 2*h. Let f(q) = -q**2 - q - 1. What is f(h)?
-1
Let x(r) = r**3 + 6*r**2 + 5*r - 3. Let f(u) = -u**3 + 2*u**2 - 5. Let q be f(2). Give x(q).
-3
Let r(l) = -l**3 + 3*l**2 + 5*l - 4. Let n be (-45)/18*2/(-1). Let h = n - -4. Suppose 20 = -4*p + h*p. What is r(p)?
0
Let n(u) = -2*u**3 + 14*u**2 + 18*u - 10. Let b(k) = -k**3 + 7*k**2 + 9*k - 5. Let c(i) = 11*b(i) - 6*n(i). Calculate c(8).
-3
Let v = -2 - -5. Let o(g) = -3*g - g**3 + 3*g - v*g + 2 - g**2 + 6*g. Let u be (-7)/4 - 6/24. Calculate o(u).
0
Let r(k) = -k**3 - 3*k**2 - k - 1. Let o be r(-3). Let d be (14/21)/(4/18). Let c(p) = -d*p - p + 0*p - 2. Give c(o).
-10
Let m(c) = c**2 + 2*c. Let d be m(-2). Let r(b) be the second derivative of -b**3/6 - 9*b**2/2 + 33*b. Calculate r(d).
-9
Let w(k) = k**2 + 8*k - 4. Let j(n) = 2*n**2 + 16*n - 9. Let z(t) = 4*j(t) - 9*w(t). Let v be z(-8). Let x(g) = -1 - 3 - 3 - g. Give x(v).
-7
Let n(s) be the first derivative of -1/3*s**3 + 7/2*s**2 + 3 + 2*s. Calculate n(5).
12
Let x(o) = -7*o - 2. Let i(h) = h. Let v(l) = 5*i(l) + x(l). Let r be (-3)/6*6 + 0. Give v(r).
4
Let v(q) be the second derivative of -q**3/6 + 3*q**2/2 + q. What is v(6)?
-3
Suppose 3*v = -0*v. Let k(c) = 3*c + 1. Let b = -29 + 18. Let w(d) = 8*d + 2. Let t(o) = b*k(o) + 4*w(o). Calculate t(v).
-3
Let l(k) = 1 + 0 + 4 + k - 1. Suppose 0 = b - h - 8, 2*b + 3*b - 32 = 3*h. What is l(b)?
8
Let y be ((-3)/5)/((-2)/10). Let p = 4 + y. Let s(r) = -r**3 + 6*r**2 + 8*r - 5. Calculate s(p).
2
Let p = 11 - 5. Let a(k) = -11*k**2 + p*k - 2 - k**3 + 7*k**2 + 1. Calculate a(-5).
-6
Let w(y) = 4*y**3 + 12*y**2 - 11*y + 3. Let r = -3 - -4. Let j(t) = -t**3 - t**2 + t. Let u(v) = r*w(v) + 5*j(v). What is u(6)?
3
Let n(k) = k**3 - 2*k**2 + 3*k + 3. Suppose -3*s + s = -2*c + 4, 2 = -c + 5*s. Give n(c).
21
Let t(n) be the third derivative of -n**4/24 + 2*n**2 + 11. Give t(8).
-8
Let q(b) = 10*b + 7 - 2*b + b**2 - 2. Calculate q(-7).
-2
Let w(f) = f**2 - 4*f - 1. Let p(l) = -6*l**2 + 20*l + 6. Let x(h) = -2*p(h) - 11*w(h). Suppose 2*r - 6 = 3*r. Let b = r + 3. What is x(b)?
-4
Let g(n) be the third derivative of -n**4/12 + n**3/2 - 3*n**2. Let l be 6*(14/6 - 2). Determine g(l).
-1
Suppose 25*t = 21*t + 4. Let k(z) be the second derivative of 2*z**5/5 - z**4/12 + z**3/6 - z**2/2 + z. Determine k(t).
7
Let h(k) = -5*k + 7. Let u(w) = -w + 1. Let s(c) = h(c) - 6*u(c). Give s(-7).
-6
Let b be (-52)/(-20) + 4/10. Let z(f) = f - b*f + 3*f - 5. Determine z(6).
1
Let z = 8 - 12. Let c = 7 + z. Let b(y) = 3*y - c*y + 4*y - 5*y + 1. Give b(4).
-3
Let x(k) = -k - 2. Suppose -2*i = 4*h - 10, -3 - 19 = -2*i - h. Let z(q) = 2*q + 5. Let r(u) = i*x(u) + 6*z(u). Determine r(0).
4
Let m be 4/(-6) + 8/3. Let w(t) = -2*t**2 + 4 - 4 + 2 + 2*t. Determine w(m).
-2
Let l(w) be the second derivative of 0 + 7/6*w**3 + 1/12*w**4 + 5*w**2 + 8*w. Give l(-7).
10
Suppose -5*f - 35 = -10. Let d(r) be the third derivative of 1/3*r**3 - 1/120*r**6 + 0*r - 9*r**2 + 0 - 1/8*r**4 - 1/10*r**5. Calculate d(f).
-8
Let r(d) = -4*d**3 + 2*d**2 - 1. Let g = -16 + 22. Let v = g - 7. What is r(v)?
5
Let x(u) = -u - 15. Let d be x(-10). Let t(g) = g**3 + 5*g**2 - 2*g + 4. Determine t(d).
14
Let k(c) = -c**2 + 10*c + 3. Let d be k(9). Suppose -5*b = 2 - d. Let l = b + 2. Let i(v) = v**2 - 2*v - 5. Give i(l).
3
Let x(c) = c**3 + 4*c**2 + c + 2. Let d = -28 + 21. Let m(w) = w**3 + 4*w**2 + 2*w + 3. Let o(z) = d*x(z) + 6*m(z). Let l = -15 - -10. Calculate o(l).
4
Let r(q) = -q**2 - 7*q - 6. Let x = -20 + 28. Suppose -u - u = x. Determine r(u).
6
Let p(u) = 7*u**2 + 2*u - 10. Let w(d) = d**2 - 1. Let r(j) = p(j) - 6*w(j). Calculate r(-4).
4
Let f(k) = 8*k - 2. Let c(n) = -15*n + 3. Let w(q) = 3*c(q) + 5*f(q). Suppose 0*d = -4*d + 8. Suppose -3*z - 23 = -4*a, 0 = 4*z + d*a + 3*a - 21. What is w(z)?
4
Let k(f) be the third derivative of f**6/120 + f**5/20 + f**4/12 + f**3/6 - 8*f**2. Determine k(-1).
1
Let b(q) = 5*q - 3. Suppose 4*v = -1 - 11. Let x(a) = 4*a - 3. Let l(t) = v*b(t) + 4*x(t). What is l(7)?
4
Let s(o) = -o**2 - 5*o - 4. Let l be s(-3). Let i(u) = -4*u**2 + 0 + 3*u**l + 1 - 4*u - u. Determine i(-5).
1
Let u(y) be the second derivative of -2*y - 1/20*y**5 - 1/3*y**3 - 2*y**2 - 1/3*y**4 + 0. Suppose -2*p = 8 - 0. Calculate u(p).
4
Let u be 1/((-2)/(-4)) + 1. Let z(d) be the first derivative of 1 + 1/2*d**2 - 6*d. Determine z(u).
-3
Let p(x) = -12*x**2 - 3*x + 4. Let m(j) = -24*j**2 - 7*j + 9. Let r(d) = 3*m(d) - 7*p(d). Give r(1).
11
Let y(w) be the third derivative of -w**9/60480 + w**8/4032 - w**7/2520 - w**6/180 + 2*w**5/15 - 3*w**2. Let m(p) be the third derivative of y(p). Give m(3).
8
Let a be 64/24 - (-1)/3. Let g(w) = 4*w - a*w - 4*w + 0*w. Determine g(1).
-3
Let n = -2 + -1. Let d(m) = m**3 + m**2 - 2*m - 2. Determine d(n).
-14
Let w(u) = -u**3 - 7*u**2 - 5*u + 6. Let f = 59 - 65. Determine w(f).
0
Let z(r) = -2*r**3 - 4*r**2 - 3*r. Let x(a) = -a**2 - 5*a - 6. Let q be x(-4). What is z(q)?
6
Let s = 16 - 6. Suppose 4*y - s = 26. Let d(h) = 7 + 9*h + h - y*h. What is d(-5)?
2
Suppose u - 5*u + 36 = 4*g, 0 = -4*g - 3*u + 33. Let f(m) = 2*m**3 - 3*m**2 - m + 3 - g + 3*m. Let q be 9/4 + (-4)/16. Give f(q).
5
Let g(i) be the third derivative of i**4/4 + i**3/6 - i**2. Let f(u) = -u - 4. Let a be f(-5). Calculate g(a).
7
Let c(w) be the first derivative of -w**3/3 + 4*w**2 + 8*w - 12. What is c(6)?
20
Let d(k) = -3*k - 1. Let t = -4 - -9. Let p = t + -5. Suppose 3*a + 3 = -p. Determine d(a).
2
Let h(m) be the second derivative of -1/12*m**4 + m**2 + 2*m - 1/6*m**3 + 0. Determine h(-3).
-4
Let c = -2 + 0. Let z(n) = -n**3 - n**2 + 2*n. What is z(c)?
0
Let w be 1/(17/(-8) + 2) + -4. Let d(t) = -t**3 - 13*t**2 - 13*t - 17. What is d(w)?
-5
Suppose -q - 40 = -5*o + 4*q, -q = -5*o + 32. Suppose 0 = -4*r + 2*r + o. Suppose -w = k - 2*w - 6, 0 = r*w + 15. Let g(b) = -5*b**3 + b - 1. Calculate g(k).
-5
Let h be (-4)/(-8)*8 - 15. Let b(x) = -x**3 + 5*x**2 + 8*x + 2. Let t be b(6). Let f = h + t. Let m(a) = -a + 3. Calculate m(f).
0
Let u(l) = l**2 + 1. Let q(z) = -z**3 + 7*z**2 - z + 8. Let k(n) = q(n) - 2*u(n). Give k(5).
1
Let y(o) = -o**2 - 9 + 18 - 1 - 7 - 3*o. Determine y(-2).
3
Let p = 37 + -1. Suppose -2*r - 6 = -p. Suppose 4*o - 1 = r. Let q(d) = d**3 - 5*d**2 + 3*d + 1. What is q(o)?
-3
Let v be ((-4)/(-5))/(4/10). Suppose 0 = -v*h - 2 - 10. Let u = 9 + h. Let y(t) = t**2 - 5*t + 4. Give y(u).
-2
Let w(u) = u**2 + 6*u - 10. Let x(a) = -3*a + 16. Let s be